 3*b**2 - 5*b - 2. What is the remainder when 34 is divided by m(-2)?
14
Let t be (0 + (-2)/1)*-1. Suppose 0 = 3*q - t*o - 15, q = -3*q + o + 15. Let i(m) = 2*m**3 + 2*m**2 - 2*m + 4. What is the remainder when i(q) is divided by 18?
16
Let d(j) = -j**2 - j + 6. Let i be d(0). Let o = -24 + i. Let p = 13 - o. Calculate the remainder when p is divided by 11.
9
Let l(f) = -f**3 + 3*f**2 + 4*f + 1. Let a be l(4). Calculate the remainder when 8 is divided by (7 - (-2)/(-1))*a.
3
Suppose 3 = 3*t, -j + 5 = t + 2. Suppose -5*f + 13 = 3*g, 5*f - 5*g - 9 = -4. Calculate the remainder when f is divided by j.
0
Let v(u) = -u**3 + 8*u**2 + 13*u + 3. Let k = 15 - 1. Calculate the remainder when v(9) is divided by k.
11
Let n = -11 - -14. Suppose -2*q = n*q - 165. What is the remainder when q is divided by 12?
9
Let o be (-15)/(-4) - 2/(-8). Suppose -2*b = o*a + 2, 9 = 2*a - 5*b - 20. Let q = 12 - 8. What is the remainder when q is divided by a?
0
Let k = 382 + -269. Let c = -71 + k. Suppose 0 = h + 2*h - c. What is the remainder when 41 is divided by h?
13
Suppose g - 16 = 2*q, -5*q = g + 3*g - 38. What is the remainder when (-35)/(-2)*(2 - 0) is divided by g?
11
Let i be (-4)/10 + 4/10. Suppose -3*c + 4*c = 6. What is the remainder when c is divided by (i + -2)/(-1) + 0?
0
Let u(j) = 2*j**3 - j + 1. Let h be u(1). Let d be (21/(-12))/(h/(-24)). Suppose 0 = w - 1 - d. What is the remainder when w is divided by 8?
6
What is the remainder when 3/(-5) - (-816)/60 is divided by 7?
6
Suppose -45*u + 42*u + 24 = 0. Calculate the remainder when 21 is divided by u.
5
Let l be ((-8)/(-3) + -2)*15. Let t = l - -1. What is the remainder when t is divided by ((-12)/(-14))/(1/7)?
5
Let p be (7*27 + 2)/1. Suppose p = 3*f + 3*l + 5, -4*f - 3*l = -250. What is the remainder when f is divided by 17?
13
Let k = 1 + 2. Suppose 3*s - 3 = -3*u, -4*s + k*s = -5*u - 1. Suppose -t = -u*t - 12. Calculate the remainder when 22 is divided by t.
10
Let a(i) = -i**2 + 8*i + 1. Calculate the remainder when 24 is divided by a(6).
11
Let l(r) = 9*r + 8. Suppose z - 4 + 1 = 0. What is the remainder when l(z) is divided by 9?
8
Let g(r) = -r**2 + 103. What is the remainder when g(0) is divided by 27?
22
Let w = 28 + -6. Let d(g) = g**2 - 4*g. What is the remainder when w is divided by d(5)?
2
Let r(q) = -q**3 - 7*q**2 - 6*q + 1. Let j = 2 - -3. Suppose j*i + 28 = i. Calculate the remainder when r(i) is divided by 22.
21
Let x(p) = -p**3 - p**2 - 2*p - 3. Let b be x(-2). Suppose -m - 68 = -b*m. What is the remainder when 67 is divided by m?
16
Let a(j) = -j**2 - 19*j - 8. Let n = -27 - -45. What is the remainder when a(-15) is divided by n?
16
Let x(q) = q**3 + 5*q**2 + 3*q - 2. Let t be x(-3). Suppose 2*p = 79 + t. Let m(c) = 4*c**2 - c + 1. Calculate the remainder when p is divided by m(2).
13
Let r = -2 + 87. What is the remainder when r is divided by 8?
5
Suppose -2*u - 59 = -3*u. Calculate the remainder when u is divided by 15.
14
Let s(k) = -31*k**2 + 31*k + 14. Let a(t) = -6*t**2 + 6*t + 3. Let x(p) = -11*a(p) + 2*s(p). Calculate the remainder when x(4) is divided by 15.
13
Let j(b) = -6*b - 3. Suppose -5*a - 2*c - 6 = -3*a, 3*c = 2*a + 1. What is the remainder when j(a) is divided by 3?
0
Suppose -4*b - 6 = -62. What is the remainder when 2*(-3 + (-2)/((-12)/141)) is divided by b?
13
Let d = -51 - -71. Calculate the remainder when d is divided by 11.
9
Suppose 2 - 15 = -q - c, -4*c + 67 = 5*q. Let y = 0 - -4. Suppose -2*d + 5*o - 14 = -3*d, 3*d - y*o - 99 = 0. What is the remainder when d is divided by q?
14
Suppose -3*q + 60 = 5*n, 0*n = n - 5*q + 16. Calculate the remainder when n*3 - (2 + -4) is divided by 15.
14
Let w(x) = x**2 - 8*x + 9. Let i be w(7). Suppose -4*c + 56 = -i*k, 3*k + 2*k = -3*c + 42. What is the remainder when c is divided by 8?
6
Let n be 12/10 + (-1)/5. Calculate the remainder when 11 is divided by (42/24)/(n/4).
4
Let k(y) = y**2 + 4*y + 5. Let j(c) = 3*c**3 - 2*c**2 + 2. What is the remainder when j(2) is divided by k(-5)?
8
Let t = -9 + 11. Suppose 3*o = k + 6, -t*k = k + 5*o - 38. What is the remainder when 16 is divided by k?
4
Let o = 38 + 9. What is the remainder when o is divided by 12?
11
Let i be (4/2)/((-2)/5). Let z be (-42)/(-35) - (-1)/i. Calculate the remainder when (-312)/(-15) - z/(-5) is divided by 6.
3
Suppose 0*c - 3*c + 243 = 5*n, c - 49 = -n. Suppose n = 3*k - 0*k. What is the remainder when 61 is divided by k?
13
Let q(d) = d**3 - 5*d**2 + 5*d - 1. Let b = 8 - -1. Let v = 13 - b. What is the remainder when 7 is divided by q(v)?
1
Suppose -5*h + 155 = 4*j + j, -h = -3*j + 81. What is the remainder when 109 is divided by j?
25
Let i(j) = j**3 - 3*j**2 - 3*j - 5. Calculate the remainder when i(5) is divided by 16.
14
Let k be ((-5)/3)/(1/(-3)). Let u(b) = 3*b**2 - 3*b - 1. What is the remainder when u(k) is divided by 20?
19
Let k = 3 + -8. Let j = -2 - k. Suppose t - 52 = -j*w, 3*w = t - 0*t - 46. Calculate the remainder when t is divided by 13.
10
Let j(x) = -x**3 + 4*x**2 + 4*x + 7. Let z = -6 + 8. Calculate the remainder when j(5) is divided by z.
0
Let g(d) = 6*d - 1. Let m(x) = x**2 - 8*x + 9. Calculate the remainder when g(3) is divided by m(8).
8
Suppose -n - 8*t + 13 = -3*t, -4*n + t = -10. Suppose n*v - 36 = -5*k, 7*k - 2*k + 49 = 2*v. What is the remainder when 50 is divided by v?
16
Suppose 23*u - 22*u = 26. What is the remainder when u is divided by (-195)/(-27) + 2/(-9)?
5
Suppose -3*z + 8*z - 40 = 0. What is the remainder when 31 is divided by z?
7
Suppose h + 3*h + 72 = 4*k, 0 = 4*k + 3*h - 51. Let o(w) = w**2 + 8. Let n be o(0). Calculate the remainder when 446/16 + 1/n is divided by k.
13
Let a = 27 - 52. Let m = 26 + -31. What is the remainder when 30 is divided by 10/a - 42/m?
6
Suppose 2*s + 3*s = 0. Let v(k) = k**3 + k + 16. Let f be v(s). Let x = f - 2. What is the remainder when x is divided by 5?
4
Let z(j) = -3*j - 3. Let w = 1 + -4. Let t be z(w). Suppose -t = p - 21. What is the remainder when 29 is divided by p?
14
Suppose -5*t = -2*g - t + 8, -29 = -5*g + t. Let k(p) = -22*p**3 + 2*p**2 + 2*p + 1. Calculate the remainder when k(-1) is divided by g.
5
Let k(t) = 27*t. What is the remainder when k(1) is divided by 15?
12
Let m(i) = 4*i**2 - 4*i + 7. What is the remainder when m(6) is divided by 32?
31
Let r(x) = 4*x - 9. Suppose q + 332 = 5*q. Let w = -39 + q. What is the remainder when w is divided by r(6)?
14
Let d(m) = -m**2 - 15*m - 16. Calculate the remainder when d(-7) is divided by 21.
19
Suppose 83 = -4*c + 19. Let b = -10 - c. Suppose h = b*h + 5*q - 190, -2*h + 64 = -q. Calculate the remainder when h is divided by 12.
10
Let k be (-24)/(-10) + 26/(-65). Suppose k + 39 = 2*x + 3*j, -5*x + j = -60. What is the remainder when ((-38)/(-4))/((-2)/(-8)) is divided by x?
12
Suppose -4*n = -5*b - 78, -n = 3*n - 2*b - 72. Calculate the remainder when n is divided by 10.
7
Let l(k) = 2*k**2 - 3*k - 5. Let b be l(-3). What is the remainder when 14/(-77) - (-1192)/b is divided by 28?
26
Let u = 6 - 2. Suppose -u*g + 291 - 95 = 0. Calculate the remainder when g is divided by 13.
10
Suppose 8 = -4*y, 3*y + 194 = 3*u + 5*y. Calculate the remainder when u is divided by 23.
20
Let h = 5 - -8. Suppose x - h = -2. Suppose 19 = 3*l - x. What is the remainder when 19 is divided by l?
9
Let h be (-17 + 15)*(-3)/2. Suppose -h*n + 5*c = -83, -3*n - 5*c = -5*n + 62. What is the remainder when 61 is divided by n?
19
Let t = -21 - -44. What is the remainder when 94 is divided by t + (5 - 2 - 2)?
22
Suppose o - 1 = 6. Let w be 5*o/10*4. Suppose k - 15 - w = 0. Calculate the remainder when k is divided by 10.
9
Let w(t) = -t**3 - 4*t**2 - 3*t + 3. Suppose 5*j = 7*j - 72. Let i = j + -34. What is the remainder when w(-3) is divided by i?
1
Calculate the remainder when 101 is divided by 1/(-1) + (-4 - -18).
10
Calculate the remainder when 6/3 - 2/(-1) is divided by 1.
0
Let h(y) = y**2 - 7*y + 4. Let s be h(7). Suppose -138 = -3*r - p, -p = 3*r + s*p - 138. What is the remainder when r is divided by (-292)/(-18) + 4/(-18)?
14
Suppose -18*m = -14*m - 44. Calculate the remainder when 97 is divided by m.
9
Let d be (-2)/8 - 309/12. Let o = -19 - -59. Let i = d + o. Calculate the remainder when 39 is divided by i.
11
Let v(y) = y +